2 - (4 - 2)) + (-114 + 39 - -77).
2
What is the value of -22 + (11 - 76) - (0 + 7)?
-94
11 + 10 + -13 - 11 - (22 - 0)
-25
27 + 0 + -2 + -62 + 55 - (-9 + 9)
18
What is the value of 22 + (-15 + 16 + -9 + 5 + 2 - -1)?
22
What is the value of -3 + 1 + 3 - (-86 + 195)?
-108
What is (-4 - 40) + 146 - -28 - 5?
125
Calculate (-3 - -31 - 6) + -12 + (1 - -10).
21
What is 6 - -5 - (77 + -124 + -34)?
92
What is the value of (3 + -2 - (21 - 15) - -3) + -44 + 120?
74
Evaluate -63 + (-23 + -1 - -19) + -1.
-69
Evaluate -61 + -106 + 136 - (-2 - (1 + -1)).
-29
Evaluate -24 + (-26 - (-18 - -6)) + 31.
-7
What is the value of -35 + -2 + (-1 - 0) + (88 - (35 - -50))?
-35
Evaluate 97 - (66 - 95 - -36).
90
(-7 + 1 - ((-65 - -103) + -30)) + -7
-21
(-28 + -1 - (-17 + (9 - 5))) + (-91 - -1)
-106
Calculate (10 - (-16 + 70)) + -6 + (13 - 1).
-38
What is the value of -18 + (11 - (-15 - -17)) - -29?
20
What is (-157 + 116 + (15 - 2) - -13) + -8?
-23
61 - ((12 - (-3 - 1)) + -40 + 6)
79
Evaluate (8 - -3) + (1155 + -1189 - (-1 - 62)).
40
What is the value of (-2 - -1 - -25) + (31 - 76) + 33 + -17?
-5
Calculate -75 + (1 - 8) + 29 + -24 + -1 + -8.
-86
-4 + -100 + (-1 + -27 - (-9 - 0))
-123
What is -69 - (27 + -14 - ((13 - 9) + 11 + -9))?
-76
Evaluate -56 - (-18 - -11 - (-34 - -5)).
-78
Calculate -41 + 23 + -3 + -53 - (-2 - (2 + 3)).
-67
Evaluate -4 - 66 - (1 + (-10 - (-13 + 9)) + 0).
-65
Evaluate 3 - -4 - (-4 - (-15 + 18)).
14
What is the value of 118 - (-90 + 172) - -66?
102
What is the value of 7426 + -7392 - (0 - 55)?
89
346 + -450 + 96 + -20
-28
Calculate -84 + -1 + (-36 - (15 - (21 - -20))) + 11.
-84
What is 17 + (-2 - (0 + -20)) + (-2174 - -2137)?
-2
What is 16 + (-3 - -6) + -8 - (-24 - -27)?
8
What is 4 + (-11 - -47) + -10?
30
-18 + 66 + 3 + -23 - -17
45
Calculate (-14 - -4) + 7 + 5 + -13 - (-136 + 65).
60
What is -7 - (11 + -31) - (48 + -3) - -6?
-26
What is 2 + 0 - (-58 + 1 - (-2865 - -2788))?
-18
Calculate (29 - 63 - -69) + (-3 - 7) + -6.
19
What is 10 + 0 + 9 + 30 + -81 + 24?
-8
Calculate -71 + 88 + -92 - -32.
-43
What is -1633 + 1722 - (1 + 80)?
8
What is the value of 47 - (-46 + 42) - (-2 - ((0 - 10) + -2))?
41
(-21 - (8 - 19)) + 24 + 9
23
What is 62 + -2 + (16 - (-17 - (-6 + -17)))?
70
What is the value of 50 - ((-112 - -55) + 75)?
32
Calculate 58 - -1 - (-652 + 705).
6
What is -10 + -12 + 34 + -10 - (-5 + 19)?
-12
Calculate -18 - (2 - ((0 - -3) + -3 + -2)).
-22
What is -115 - ((0 - 3) + 2457 + -2484)?
-85
What is the value of (-19 - 22) + -410 + 404?
-47
Evaluate (896 - 932) + -4 + 23 + -5.
-22
What is the value of 5 + -12 + -20 - (83 + -115)?
5
-35 + 7 + -7 + -5 + -1 + -75 + 62
-54
What is (1 - 2 - 24 - (-2104 + 2084)) + -15?
-20
What is (27 + 0 - (224 - 211)) + 0 + (-99 - 1)?
-86
Calculate 5 + (10 - (11 + -17)) - (10 + (-8 - 11)).
30
What is the value of (33 - 20) + (5 - 2) + 1?
17
What is the value of -18 - ((0 - -5) + (19 - (2 + 26)) + -4)?
-10
(-19 + -19 + 39 - 1) + 26
26
(0 - -12) + (5 - -23 - -67 - 14)
93
Evaluate 65 + -104 - (1 + 11) - (-102 + 85).
-34
Evaluate 2 + -2 + 7 + 68 + 56 + -18.
113
(-10 - -8) + 19 + -21 + 23 - 106
-87
Calculate (152 - 149) + (-6 - 5 - 37) + -1.
-46
Evaluate 6 + 94 - 57 - (2 - (-1 + 2) - 1).
43
What is 1 + -26 + (4401 - 4381)?
-5
What is -28 - (3 + -3 + (4 - 4) - (40 + -37))?
-25
Calculate -4 + -40 + 6 + 10 + -10 + -15 + -3.
-56
-115 + 66 + 75 + -29
-3
Evaluate 27 + (3 - 19) + (-1 - (3 - 8)).
15
Evaluate (48 + -90 - -21) + -5.
-26
What is the value of 1 + -1 - (-617 + 658 + (2 - -11) + -1)?
-53
What is (87 - (7 + 11) - 8 - -1) + -1 + 13?
74
Calculate (3 - 5) + 20 + (-148 + 63 - -15).
-52
46 + -20 - (-44 + 46)
24
Calculate 0 + 88 + (18 - ((1 - 24) + (-243 - -285))).
87
-83 - (60 + -152 - -75)
-66
Evaluate 2 - (-54 - -54 - (2 + -21) - 100).
83
Calculate -132 - -107 - -13 - -92.
80
16 + (-25 - -8) + 41 - -22
62
What is -153 - -166 - (4 + 0 - 3) - (-3 - 54)?
69
What is the value of 14 + (-11 - -27) + -43 + 15?
2
What is the value of -9 - (23 + -69 - (-14 + 16))?
39
What is the value of (2 + -24 + -2 - (7 - 20)) + -19?
-30
Calculate (0 - -25) + -321 + 275 + -7 + -3.
-31
What is the value of (13 - 1) + (6 - -4 - (-63 + 58))?
27
Evaluate 1 + -17 + (-16 - (-12 + 12 + -61)).
29
139 + -131 + 54 - (17 + 0)
45
What is 59 + -30 + (-20 + 3 - -16) + (-15 - -2)?
15
What is the value of 5 + (-11 - 49) + -4 + 4 + -2 + -4?
-61
(-14 - 0) + ((22 + -82 - -23) + 24 - -43)
16
Calculate -80 + (-16 - -1 - (-41 + (4 - -6))).
-64
45 + 10 + (-17 - -14) + -15
37
What is the value of 10 + (-6 - -7) - (-21 - -31 - 11)?
12
-31 - (-46 - -4 - 26) - 170
-133
-41 + -5 + (38 - (7 + 12))
-27
77 + -68 + 8 + (-6 - 0) + -11
0
-15 - 0 - (1 - ((-4 - 0) + -14))
-34
167 + -154 + -1 + 5 + (0 - 0 - -9)
26
Calculate (-5 + (36 - (3 - -28)) - (0 + 2)) + -68.
-70
Evaluate 76 + (-9 - -32) + 2 + -40.
61
What is (-63 - (-12 - (7 - -2))) + -20 + (12 - 1)?
-51
Evaluate 4592 - 4614 - (2 + 4 + 1).
-29
What is 6 - (7 + (69 - 33))?
-37
What is the value of 26 + (-31 - -12) + (-10 - -1 - (2 + -12))?
8
17 - (-17 + 38 + 9) - -59
46
What is (-11 + -1 - ((15 - 9) + -7)) + 0?
-11
(77 - -10) + -32 + -3
52
What is the value of 21 + -16 + (-8 - 8)?
-11
Calculate -200 - -129 - ((-21 - -15) + (3 - 2)).
-66
Calculate 0 + -2 + -8 + (-196 + 81 - -98).
-27
Calculate 48 - -1 - (3 - (-12 + 6 + 25) - -12).
53
6 + -19 + 14 + -38 + 15
-22
What is the value of 29 - -8 - ((-9 - 6) + (20 - -8))?
24
Calculate 1 + -109 - (13 - 21).
-100
-12 + -3 + -4 + 10 + -13 + 29
7
(-2 - (-7 + -2) - (2391 + -2385)) + -48
-47
104 - 1 - (-19 - (94 - 123)) - -6
99
Calculate -31 + 78 + (0 + 1 + 1 - (-6 + 4)).
51
What is -45 + 0 + -2 - (235 - 228) - (49 + -40)?
-63
What is the value of (-74 - 10) + (23 - (4 + 13 - 7))?
-71
Evaluate (8 - 3) + -6 - (-6 + 20).
-15
What is the value of (34 - (-32 + 50)) + (-2 + 0 - -7)?
21
What is the value of 54 + (-3 - 4 - -20) + (24 - 39)?
52
What is 429 + -430 + (-10 - 4 - -4 - 0)?
-11
Evaluate 15 + -5 + (-59 - -127).
78
What is 59 + (16 - -17) + -64?
28
6 - -9 - 7 - (-49 - -68)
-11
What is -1 + 2 - 0 - (13 - (2 - (-6 - 6)))?
2
-20 - -14 - (-32 + 12 + -11 + 8)
17
Calculate 12 + (-10 + -6 - 0 - -15).
11
What is (31 - (65 + -76)) + 5 + -1?
46
Calculate 44 + (2 - 19 - (-189 - -190)).
26
What is the value of 41 - ((79 + -40 - 72) + 19)?
55
Evaluate 8 - 30 - (18 + -34 + 1).
-7
-71 - (16 - (-12 + (19 - 9) + 7 + 7))
-75
What is the value of 10 - 10 - -105 - (-24 + 20 + -3)?
112
What is -144 - (-108 - (-39 + -24))?
-99
(-3 - -3 - 3) + (19 - 18) - (-2 + -5)
5
95 - (74 - 45) - 11
55
What is the value of 1011 - 1006 - (1 + 0)?
4
1 + -11 + 1 + 0 + (-515 - -532)
8
What is the value of 6 + -7 + -1 + -21 + 25 + -2 + -40?
-40
What is the value of 110 - (85 + 25 + 34)?
-34
Calculate 20 + -5 + -9 - (20 + -6 + -1).
-7
-30 + -37 + 50 + 102 + (13 - 2) + 1
97
What is the value of 1 + 115 + 27 + (-27 - 20) + 3?
99
What is the value of (10 - 84) + -1 + 62?
-13
What is (-54 - -1) + (2561 - 2580)?
-72
Calculate 28 + -19 + -2 + -394 + 373.
-14
What is 89 + (-1 + 0 + 27 - (84 + (-19 - 52)))?
102
What is -114 + (15 - (10 + 14 + -5) - (-17 + 3))?
-104
Evaluate -172 - -166 - (-7 - 0 - (0 + 6)).
7
-1071 + 1262 + -116 + -1
74
What is the value of (18 - -65) + -55 - -18?
46
0 + 57 - ((-10 - -11) + 9 - (-76 - -99))
70
Calculate ((6 - -1) + -140 + 224 - 1) + -7.
83
Calculate 33 - 8 - 38 - (16 + -15).
-14
-2 - ((-21 - -4) + -19 + 25) - 3 - -25
31
What is the value of -12 - 3 - (-26 - -14 - 2 - -65)?
-66
What is -10 + 14 + -7 - (-6 - 8)?
11
-49 + (-7 - -45) - -7
-4
-2 - 5 - (-8 + 12) - (15 - 3)
-23
What is 10 - 31 - ((-5 - 0) + 10)?
-26
Calculate (-15 - -17 - (2 + -3)) + (177 - 138) + 12.
54
274 + -234 + (-10 - 2)
28
What is (3 - 3 - (3 - 1)) + -5 + -2 + -2?
-11
Evaluate 28 - (102 + -41) - -83.
50
Evaluate (-4 - (7 + (-3 - 3) - -1)) + 10 + -44.
-40
339 - 341 - (0 + 41 + (20 - 16))
-47
What is 9 + (-39 - (-113 + 105 - (-12 - -1)))?
-33
Calculate 28 + (16 - (-1 + 7 + 28)).
10
What is the value of -12 - (6 + (-15 - (-1 + 1)) + -352 + 357)?
-8
-2 - 48 - (12 + 8 + -14 + -4)
-52
-41 + (16 - 5) + -15
-45
Calculate 19 + (1 - 0) - (100 + -40).
-40
What is 82 + 44 + -38 + 25 + -17?
96
What is the value of (87 - (79 - 124)) + -173?
-41
Evaluate (3 - (-8 + -5 + 8)) + (-53 - (-56 - -46)).
-35
What is 30 + (-119 - -49) + -44?
-84
85 - (-70 - -12